 (base 4) in base 8?
400
Convert 2c (base 16) to base 6.
112
What is -2b (base 12) in base 3?
-1022
Convert -12 (base 5) to base 8.
-7
11 (base 2) to base 12
3
1 (base 13) to base 15
1
Convert -2 (base 3) to base 16.
-2
Convert -1 (base 14) to base 5.
-1
Convert 1 (base 16) to base 14.
1
Convert -1 (base 6) to base 15.
-1
Convert 125 (base 16) to base 4.
10211
What is 2 (base 4) in base 15?
2
What is -2 (base 15) in base 14?
-2
What is -30 (base 16) in base 2?
-110000
-2 (base 15) to base 9
-2
Convert 11 (base 5) to base 12.
6
Convert 103 (base 12) to base 16.
93
What is -2 (base 6) in base 3?
-2
-23 (base 10) to base 5
-43
What is 5 (base 16) in base 5?
10
-57 (base 16) to base 8
-127
-105 (base 6) to base 16
-29
131 (base 6) to base 14
3d
What is -5 (base 13) in base 14?
-5
What is -1010 (base 3) in base 16?
-1e
17 (base 8) to base 9
16
What is 2202 (base 4) in base 8?
242
What is -2 (base 8) in base 2?
-10
Convert -11b (base 14) to base 4.
-3131
Convert 3 (base 5) to base 15.
3
What is -3 (base 8) in base 5?
-3
11 (base 7) to base 5
13
1 (base 10) to base 13
1
Convert 76 (base 12) to base 8.
132
52 (base 9) to base 4
233
What is -3 (base 5) in base 13?
-3
What is 3 (base 16) in base 10?
3
What is 23 (base 16) in base 13?
29
What is 24a (base 11) in base 8?
450
What is 11 (base 6) in base 16?
7
What is 24 (base 16) in base 12?
30
13 (base 9) to base 3
110
What is 5 (base 11) in base 5?
10
40 (base 8) to base 11
2a
Convert -83 (base 10) to base 9.
-102
-5 (base 12) to base 11
-5
3 (base 16) to base 5
3
Convert -143 (base 10) to base 4.
-2033
Convert -3 (base 6) to base 2.
-11
What is -1302 (base 4) in base 12?
-96
Convert 10 (base 2) to base 8.
2
What is 2 (base 9) in base 15?
2
-100000 (base 2) to base 4
-200
What is -300 (base 5) in base 4?
-1023
What is -4a (base 11) in base 6?
-130
Convert 118 (base 9) to base 4.
1202
Convert 3 (base 4) to base 14.
3
What is a (base 14) in base 6?
14
-2 (base 12) to base 2
-10
Convert -1 (base 5) to base 3.
-1
-3 (base 9) to base 11
-3
What is 3 (base 8) in base 6?
3
-3 (base 9) to base 5
-3
Convert -7 (base 15) to base 11.
-7
Convert -1 (base 14) to base 3.
-1
b (base 14) to base 9
12
Convert 46 (base 14) to base 7.
116
Convert -5 (base 15) to base 11.
-5
1 (base 13) to base 8
1
Convert -21 (base 12) to base 11.
-23
What is -122 (base 4) in base 13?
-20
Convert -231 (base 7) to base 8.
-170
What is -6 (base 8) in base 15?
-6
What is -8 (base 14) in base 15?
-8
11112 (base 3) to base 13
95
Convert -1 (base 15) to base 13.
-1
What is -7 (base 9) in base 16?
-7
What is 1001 (base 3) in base 9?
31
What is 3 (base 10) in base 9?
3
What is 1000 (base 3) in base 5?
102
What is 5 (base 9) in base 14?
5
Convert -4 (base 14) to base 5.
-4
Convert 111 (base 2) to base 8.
7
Convert -1110 (base 2) to base 9.
-15
Convert -12021 (base 3) to base 8.
-216
Convert 3 (base 16) to base 2.
11
What is -23 (base 9) in base 12?
-19
Convert 101 (base 3) to base 4.
22
-3 (base 12) to base 6
-3
-362 (base 7) to base 3
-21002
3 (base 7) to base 9
3
What is 26 (base 8) in base 10?
22
Convert -4 (base 13) to base 4.
-10
Convert -a1 (base 16) to base 15.
-ab
What is 31 (base 7) in base 6?
34
What is 3 (base 12) in base 2?
11
-3 (base 8) to base 6
-3
What is 1 (base 14) in base 5?
1
What is -28 (base 9) in base 7?
-35
Convert 1c (base 14) to base 16.
1a
Convert -3 (base 13) to base 2.
-11
What is 5 (base 6) in base 11?
5
What is -19 (base 10) in base 9?
-21
Convert -32 (base 4) to base 15.
-e
Convert -15 (base 6) to base 4.
-23
What is 10 (base 4) in base 8?
4
Convert -4 (base 8) to base 16.
-4
What is 22 (base 10) in base 5?
42
43 (base 6) to base 15
1c
Convert -21 (base 4) to base 3.
-100
Convert 0 (base 6) to base 14.
0
Convert -110 (base 2) to base 15.
-6
What is 177 (base 11) in base 8?
315
What is -27 (base 13) in base 16?
-21
-b (base 15) to base 10
-11
What is -1 (base 7) in base 9?
-1
Convert 12 (base 3) to base 6.
5
17 (base 8) to base 9
16
Convert 16 (base 8) to base 10.
14
Convert -1010 (base 2) to base 10.
-10
2 (base 15) to base 9
2
Convert -3d (base 14) to base 4.
-313
Convert 100112 (base 3) to base 7.
515
Convert 0 (base 7) to base 15.
0
What is 131 (base 5) in base 15?
2b
What is 2 (base 14) in base 2?
10
-87 (base 12) to base 7
-205
What is -101 (base 3) in base 9?
-11
What is -28 (base 11) in base 8?
-36
Convert -5 (base 10) to base 16.
-5
What is 175 (base 8) in base 7?
236
What is 4 (base 9) in base 15?
4
What is 11 (base 5) in base 8?
6
-6a (base 15) to base 8
-144
What is -368 (base 9) in base 5?
-2210
Convert 111100 (base 2) to base 6.
140
Convert 5 (base 13) to base 15.
5
What is 12 (base 10) in base 2?
1100
What is c (base 15) in base 14?
c
Convert -1 (base 3) to base 11.
-1
What is -56 (base 13) in base 7?
-131
6 (base 14) to base 6
10
Convert -9 (base 12) to base 10.
-9
What is -20 (base 15) in base 7?
-42
3 (base 13) to base 5
3
What is -3 (base 5) in base 12?
-3
-314 (base 6) to base 15
-7d
-3 (base 9) to base 5
-3
Convert 212 (base 4) to base 8.
46
What is -10121 (base 3) in base 10?
-97
11100 (base 2) to base 6
44
Convert -1 (base 13) to base 2.
-1
4 (base 7) to base 2
100
Convert -4 (base 9) to base 8.
-4
-10 (base 5) to base 9
-5
What is 74 (base 10) in base 13?
59
-13 (base 5) to base 9
-8
-ec (base 15) to base 16
-de
What is 11 (base 2) in base 9?
3
1 (base 16) to base 4
1
What is 1110100 (base 2) in base 13?
8c
Convert -54 (base 10) to base 13.
-42
What is -1 (base 11) in base 13?
-1
-11 (base 2) to base 15
-3
-1 (base 9) to base 6
-1
42 (base 9) to base 10
38
Convert 3 (base 7) to base 16.
3
Convert 10 (base 2) to base 11.
2
8 (base 11) to base 9
8
What is -d (base 15) in base 2?
-1101
Convert -100 (base 2) to base 15.
-4
What is -1010 (base 2) in base 5?
-20
What is -1303 (base 4) in base 5?
-430
What is -262 (base 9) in base 3?
-22002
-15 (base 15) to base 9
-22
Convert 1 (base 7) to base 16.
1
-c (base 16) to base 12
-10
What is -311 (base 6) in base 16?
-73
What is 221 (base 5) in base 16?
3d
Convert 50 (base 6) to base 4.
132
-9 (base 11) to base 14
-9
Convert 2 (base 4) to base 13.
2
What is 10101 (base 2) in base 4?
111
Convert 11 (base 5) to base 11.
6
Convert -104 (base 5) to base 14.
-21
2 (base 6) to base 4
2
What is -2 (base 5) in base 6?
-2
Convert -10 (base 12) to base 14.
-c
-5 (base 9) to base 15
-5
Convert -137 (base 15) to base 8.
-425
Convert -7 (base 8) to base 15.
-7
Convert -b (base 14) to base 10.
-11
b (base 12) to base 4
23
Convert -1 (base 2) to base 13.
-1
-52 (base 15) to base 4
-1031
-21 (base 9) to base 11
-18
What is -1a (base 11) in base 9?
-23
-8 (base 11) to base 2
-1000
Convert 110 (base 2) to base 4.
12
Convert 14 (base 16) to base 6.
32
4 (base 6) to base 14
4
What is -1 (base 9) in base 3?
-1
a (base 11) to base 16
a
Convert -38 (base 13) to base 15.
-32
What is 3103 (base 4) in base 8?
323
Convert -2 (base 3) to base 13.
-2
-2 (base 16) to base 9
-2
What is 56 (base 14) in base 7?
136
Convert 20 (base 9) to base 13.
15
What is -13 (base 16) in base 9?
-21
Convert -3 (base 14) to base 7.
-3
0 (base 12) to base 3
0
Convert -4 (base 7) to base 11.
-4
What is -4 (base 13) in base 2?
-100
Convert -134 (base 5) to base 8.
-54
What is 21101 (base 3) in base 15?
d4
-77 (base 8) to base 7
-120
-2 (base 3) to base 5
-2
Convert -231 (base 6) to base 9.
-111
What is -22 (base 10) in base 7?
-31
What is -22 (base 4) in base 8?
-12
-11 (base 2) to base 11
-3
Convert -27 (base 11) to base 14.
-21
Convert -3 (base 4) to base 7.
-3
1112 (base 5) to base 6
421
5 (base 8) to base 12
5
Convert d2 (base 15) to base 4.
3011
Convert 1 (base 6) to base 7.
1
Convert 1 (base 2) to base 16.
1
13 (base 6) to base 10
9
91 (base 10) to base 14
67
11 (base 3) to base 8
4
What is 3 (base 9) in base 8?
3
Convert -2 (base 4) to base 8.
-2
What is 4 (base 13) in base 16?
4
Convert 34 (base 5) to base 14.
15
-1 (base 13) to base 11
-1
Convert 3 (base 6) to base 14.
3
What is 5 (base 15) in base 10?
5
What is -2324 (base 5) in base 11?
-289
0 (base 13) to base 9
0
What is -205 (base 6) in base 11?
-70
What is -1 (base 3) in base 2?
-1
What is -1 (base 7) in base 2?
-1
What is 37 (base 12) in base 3?
1121
-5 (base 8) to base 10
-5
101 (base 3) to base 9
11
Convert -155 (base 14) to base 5.
-